st common divisor of 7590 and 3390.
30
Calculate the greatest common divisor of 36892 and 4411.
401
What is the highest common divisor of 413 and 429520?
413
Calculate the highest common divisor of 742 and 8498.
14
Calculate the greatest common factor of 27 and 13685436.
27
Calculate the greatest common factor of 16147 and 469.
67
What is the highest common divisor of 842 and 4?
2
Calculate the highest common factor of 83 and 5384.
1
Calculate the greatest common factor of 1966896 and 384.
48
Calculate the highest common divisor of 1947 and 24603.
177
Calculate the highest common factor of 280457 and 93.
31
What is the greatest common factor of 29150 and 3604?
106
Calculate the highest common factor of 44 and 278828.
44
What is the greatest common factor of 140 and 34370?
70
Calculate the highest common divisor of 1628807 and 41.
41
What is the highest common divisor of 51548 and 1315?
263
What is the greatest common divisor of 11732 and 8008?
28
What is the highest common divisor of 234 and 269334?
234
Calculate the highest common factor of 48 and 42456.
24
What is the highest common factor of 36757 and 9912?
413
Calculate the greatest common factor of 57 and 3669261.
57
Calculate the highest common factor of 22 and 21439.
11
Calculate the highest common factor of 1464 and 25980.
12
Calculate the highest common divisor of 108283 and 434.
217
Calculate the greatest common factor of 92 and 19900.
4
Calculate the greatest common divisor of 21614 and 3333.
101
Calculate the greatest common divisor of 51 and 21039.
3
What is the highest common divisor of 156 and 79131?
39
What is the greatest common divisor of 174 and 746286?
174
What is the greatest common divisor of 40 and 520?
40
What is the highest common factor of 750 and 600?
150
Calculate the highest common divisor of 40360 and 280.
40
What is the highest common factor of 18 and 26757?
9
Calculate the greatest common divisor of 6 and 435702.
6
Calculate the greatest common factor of 1625 and 80015.
65
Calculate the highest common factor of 567 and 57.
3
What is the highest common divisor of 2217 and 3896747?
739
Calculate the greatest common factor of 38176 and 184.
8
What is the highest common divisor of 9559 and 88?
11
What is the greatest common factor of 10374 and 8246?
266
Calculate the greatest common divisor of 2368200 and 15.
15
Calculate the greatest common divisor of 471448 and 186.
62
Calculate the greatest common factor of 292621 and 476.
119
What is the highest common divisor of 18469 and 418?
11
Calculate the highest common divisor of 366049 and 778.
389
What is the greatest common factor of 1258038 and 108?
54
Calculate the highest common factor of 258 and 785438.
86
Calculate the greatest common divisor of 4488 and 253.
11
What is the greatest common factor of 456 and 280782?
114
What is the greatest common factor of 62 and 28365?
31
Calculate the greatest common factor of 25960 and 1848.
88
Calculate the greatest common factor of 145842 and 20492.
218
Calculate the highest common factor of 423924 and 60.
12
What is the greatest common divisor of 1491 and 27761?
71
What is the greatest common divisor of 764 and 162923?
191
What is the greatest common factor of 507731 and 21?
7
Calculate the highest common factor of 129 and 80859.
3
Calculate the greatest common factor of 8604 and 102.
6
Calculate the greatest common factor of 24025 and 1519.
31
What is the highest common factor of 156 and 51420?
12
Calculate the greatest common factor of 18 and 218313.
9
Calculate the highest common divisor of 153 and 4167.
9
What is the greatest common divisor of 4667 and 143?
13
What is the greatest common factor of 4424914 and 26?
26
Calculate the highest common factor of 259 and 244607.
37
What is the highest common divisor of 1885014 and 36?
18
What is the highest common divisor of 520 and 2848040?
520
Calculate the highest common divisor of 2361732 and 12.
12
Calculate the greatest common divisor of 12963 and 2871.
87
What is the greatest common divisor of 4732 and 79261?
1183
Calculate the highest common factor of 135 and 15495.
15
Calculate the highest common divisor of 800 and 24.
8
What is the highest common factor of 12130 and 1790?
10
What is the highest common divisor of 50996 and 77748?
836
Calculate the highest common factor of 4677750 and 594.
594
Calculate the greatest common divisor of 324490 and 518.
74
What is the highest common divisor of 2594025 and 915?
915
What is the highest common divisor of 9065 and 560735?
1295
What is the highest common factor of 197022 and 84?
42
Calculate the highest common factor of 3744 and 77454.
234
Calculate the highest common divisor of 94346 and 644.
322
Calculate the greatest common divisor of 774 and 189114.
258
Calculate the greatest common divisor of 10890 and 428670.
990
What is the greatest common factor of 28408 and 265?
53
Calculate the highest common factor of 379492 and 28.
4
What is the highest common factor of 1416 and 6980172?
708
What is the highest common divisor of 159203 and 6001?
353
Calculate the highest common divisor of 12096 and 1736.
56
What is the greatest common divisor of 16 and 3032?
8
What is the highest common divisor of 208 and 8203?
13
Calculate the highest common factor of 18500725 and 635.
635
Calculate the highest common factor of 79871 and 99.
11
Calculate the greatest common divisor of 90 and 2976.
6
Calculate the highest common factor of 35282 and 1888.
118
What is the highest common factor of 1768189 and 181?
181
What is the greatest common divisor of 495800 and 222?
74
Calculate the greatest common factor of 6889813 and 679.
679
Calculate the greatest common divisor of 40 and 545712.
8
Calculate the greatest common factor of 350 and 4175.
25
What is the greatest common divisor of 540 and 84870?
90
What is the greatest common factor of 7579180 and 35?
35
What is the highest common factor of 1054160 and 32?
16
What is the highest common divisor of 196 and 70385?
7
What is the highest common factor of 1280 and 28480?
320
Calculate the greatest common factor of 3610 and 208658.
722
What is the greatest common divisor of 11835 and 526?
263
What is the highest common divisor of 830 and 26890?
10
What is the highest common factor of 270 and 81570?
30
Calculate the highest common divisor of 408 and 107661.
51
What is the highest common factor of 8301280 and 13?
13
What is the highest common factor of 474 and 18328?
158
What is the highest common factor of 87341 and 4843?
167
Calculate the greatest common factor of 3230 and 4080.
170
What is the greatest common factor of 5425625 and 125?
125
Calculate the greatest common factor of 97420 and 250.
10
What is the greatest common divisor of 671 and 144631?
61
What is the highest common factor of 109026 and 246?
6
What is the greatest common factor of 999 and 5625?
9
What is the greatest common factor of 390 and 400150?
10
What is the highest common factor of 8611 and 3379?
109
Calculate the greatest common factor of 2 and 12707.
1
What is the highest common factor of 271453 and 7?
7
Calculate the highest common divisor of 294 and 1186290.
294
Calculate the greatest common factor of 1383 and 138.
3
Calculate the greatest common factor of 216 and 38392.
8
What is the highest common divisor of 26 and 170911?
13
Calculate the highest common factor of 721 and 25853.
103
What is the highest common divisor of 512 and 12256?
32
What is the highest common factor of 110 and 941930?
110
Calculate the highest common factor of 598 and 10270.
26
Calculate the highest common factor of 141459 and 3865.
773
What is the greatest common factor of 253 and 61134?
23
Calculate the highest common factor of 75250 and 24682.
602
What is the greatest common factor of 1569 and 111?
3
Calculate the highest common factor of 2865 and 417717.
573
Calculate the highest common divisor of 2352 and 961184.
784
Calculate the highest common factor of 330 and 2102925.
165
What is the highest common divisor of 1018400 and 1152?
32
What is the highest common factor of 1319476 and 2124?
236
Calculate the greatest common factor of 647280 and 60.
60
Calculate the highest common divisor of 79059 and 456.
57
Calculate the highest common divisor of 398 and 3582398.
398
Calculate the highest common fact